{"id":10,"date":"2022-09-19T15:11:47","date_gmt":"2022-09-19T15:11:47","guid":{"rendered":"http:\/\/juty.fi\/?page_id=10"},"modified":"2023-08-07T13:20:37","modified_gmt":"2023-08-07T13:20:37","slug":"tapahtumat-2","status":"publish","type":"page","link":"http:\/\/juty.fi\/?page_id=10","title":{"rendered":"Tapahtumat"},"content":{"rendered":"\n<p>Tulevaisuudessa t\u00e4ll\u00e4 sivulla tiedotetaan kootusti tulevista urheilutapahtumista J\u00e4rvenp\u00e4\u00e4ss\u00e4.<\/p>\n","protected":false},"excerpt":{"rendered":"<p>Tulevaisuudessa t\u00e4ll\u00e4 sivulla tiedotetaan kootusti tulevista urheilutapahtumista J\u00e4rvenp\u00e4\u00e4ss\u00e4.<\/p>\n","protected":false},"author":1,"featured_media":0,"parent":0,"menu_order":0,"comment_status":"closed","ping_status":"closed","template":"","meta":{"om_disable_all_campaigns":false,"_monsterinsights_skip_tracking":false,"_monsterinsights_sitenote_active":false,"_monsterinsights_sitenote_note":"","_monsterinsights_sitenote_category":0,"neve_meta_sidebar":"","neve_meta_container":"","neve_meta_enable_content_width":"","neve_meta_content_width":0,"neve_meta_title_alignment":"","neve_meta_author_avatar":"","neve_post_elements_order":"","neve_meta_disable_header":"","neve_meta_disable_footer":"","neve_meta_disable_title":"","footnotes":""},"class_list":["post-10","page","type-page","status-publish","hentry"],"aioseo_notices":[],"_links":{"self":[{"href":"http:\/\/juty.fi\/index.php?rest_route=\/wp\/v2\/pages\/10","targetHints":{"allow":["GET"]}}],"collection":[{"href":"http:\/\/juty.fi\/index.php?rest_route=\/wp\/v2\/pages"}],"about":[{"href":"http:\/\/juty.fi\/index.php?rest_route=\/wp\/v2\/types\/page"}],"author":[{"embeddable":true,"href":"http:\/\/juty.fi\/index.php?rest_route=\/wp\/v2\/users\/1"}],"replies":[{"embeddable":true,"href":"http:\/\/juty.fi\/index.php?rest_route=%2Fwp%2Fv2%2Fcomments&post=10"}],"version-history":[{"count":2,"href":"http:\/\/juty.fi\/index.php?rest_route=\/wp\/v2\/pages\/10\/revisions"}],"predecessor-version":[{"id":39,"href":"http:\/\/juty.fi\/index.php?rest_route=\/wp\/v2\/pages\/10\/revisions\/39"}],"wp:attachment":[{"href":"http:\/\/juty.fi\/index.php?rest_route=%2Fwp%2Fv2%2Fmedia&parent=10"}],"curies":[{"name":"wp","href":"https:\/\/api.w.org\/{rel}","templated":true}]}}